 + 3. Suppose 0 = 3*s + 2 - 35. Calculate the remainder when n is divided by s.
8
Let a(x) = x + 1. What is the remainder when 53 is divided by a(10)?
9
Calculate the remainder when 11 is divided by (-4)/16 + (-25)/(-4).
5
Let k = -56 - -116. Suppose 11*p - k = 6*p. Calculate the remainder when 34/3*(5 - 2) is divided by p.
10
Let o(q) = q**2 + 4*q - 7. What is the remainder when 72 is divided by o(5)?
34
Let w = 9 + -5. Suppose 2*b - 2*q = -6*q + 44, -4*q - 40 = -w*b. Suppose 5*n - 17 = -4*p, -2*p - 2*p = -n + 13. What is the remainder when b is divided by n?
4
Let i = 108 + -77. Calculate the remainder when 60 is divided by i.
29
Suppose -2 = -2*l + 4. Suppose 3 = 3*y, l*y = 3*o + 29 - 80. Suppose -5*n - 15 = 0, -2 = -4*b - 4*n + 6. Calculate the remainder when o is divided by b.
3
Suppose 3*k + 3 = 9. Suppose -182 = -k*d + 118. Suppose -d = -5*x - 5*g, -3*x + g + 0*g = -70. Calculate the remainder when x is divided by 9.
7
Let s = -26 - -35. What is the remainder when -34*(-2 - -1) - 1 is divided by s?
6
Let v be 1 + (-3 - -1) - -6. Suppose -2*b + 5 = -v*q, 3*b - 5*q = 2*b - 5. Calculate the remainder when 27 is divided by b.
7
Suppose -2*h - 2*o = -66, -3*h - 27 = -4*o - 161. What is the remainder when h is divided by 98/8 + 1 - (-4)/(-16)?
12
Let y be (-36)/10 + (-2)/5. Let m = y - -12. What is the remainder when 15 is divided by m?
7
Let z = 21 - 15. What is the remainder when (0 - (-2)/4)*32 is divided by z?
4
Suppose -17*t + 18 = -16*t. Suppose 0 = -2*s - t + 28. Let q = -5 - -23. Calculate the remainder when q is divided by s.
3
Suppose -t + 105 = 5*a, -a + 84 = 3*a - 2*t. What is the remainder when a is divided by 4?
1
Let g(b) = b - 4. Let l be g(7). Let q(w) = -w**3 + 3*w**2 + 3*w - 1. What is the remainder when 15 is divided by q(l)?
7
Let a = -25 + 36. Calculate the remainder when 63 is divided by a.
8
Let p(o) be the third derivative of o**5/60 + 5*o**4/24 - o**3/3 + o**2. Let b = -25 + 34. Calculate the remainder when p(4) is divided by b.
7
What is the remainder when ((-254)/6 + (-6 - -9))*-3 is divided by 17?
16
Let i be 6/15 - 446/(-10). Let a = i - 27. Calculate the remainder when a is divided by 7.
4
Suppose 5*l - 88 - 27 = 0. Let k = l + -11. What is the remainder when 35 is divided by k?
11
Suppose -22*i + 330 = -0*i. Calculate the remainder when (3 + 0)*(-19)/(-1) is divided by i.
12
Suppose -5*a + 55 = -2*p - 7, 3*p + 3 = 0. Calculate the remainder when 22 is divided by a.
10
Let f = 4 + -4. Suppose -5*v + f*v + 15 = 0. Calculate the remainder when 8 is divided by v.
2
Let w(f) = -32*f**3 - f**2 + f + 1. Calculate the remainder when w(-1) is divided by 17.
14
Suppose 0 = 2*j - 21 + 1. What is the remainder when 28 is divided by j?
8
Let a be 3*12/9 - 0. What is the remainder when 22 is divided by a*4*2/4?
6
Let z(n) = -3*n**3 + 7*n + 5. Calculate the remainder when 28 is divided by z(-2).
13
Let d(b) = -b + 5. Let z be d(-9). What is the remainder when 27 is divided by 4/z + (-204)/(-21)?
7
Suppose 0 = -4*q - u + 236, -q - u + 26 = -30. Suppose 2*s + 2*d = q, 85 = 3*s - s - 3*d. Let y = 64 - 46. Calculate the remainder when s is divided by y.
17
Let c(x) = -x**2 - 5*x - 5. Calculate the remainder when 2 is divided by c(-3).
0
Suppose 4*l = 3*l + 7. Let u = 10 - l. Calculate the remainder when 10 is divided by u.
1
Suppose -3*r + 0*r = -9. Suppose -2*y + r*y - 9 = 0. Calculate the remainder when (-3)/((30/52)/(-5)) is divided by y.
8
Suppose -6*w + w + 15 = 0. Suppose -33 = -w*p + 3. Calculate the remainder when 45 is divided by p.
9
Let s = 159 - 107. Let n(h) = 8*h - 2. What is the remainder when s is divided by n(2)?
10
Suppose -5*i = -63 + 3. What is the remainder when 46 is divided by i?
10
Let v(g) = -g**2 - g. Let m be v(0). Suppose 0 = -2*p - m + 30. Calculate the remainder when 26 is divided by p.
11
Let n = -152 - -264. Calculate the remainder when n is divided by (-8)/12 - 142/(-6).
20
Suppose -108 - 42 = -5*b. Let d = b + -7. Calculate the remainder when 45 is divided by d.
22
Suppose 5*c - 80 = 2*n + 30, -4*c + 91 = -n. What is the remainder when c is divided by 0 + 30/2 - 1?
10
Suppose -14*p + 17*p - 138 = 0. What is the remainder when p is divided by 12?
10
Let a(c) = -2*c**2 + 24*c + 13. Calculate the remainder when 68 is divided by a(11).
33
Suppose 4*v - f - 9 = 19, 0 = 3*f + 12. What is the remainder when v/3 + 16/2 is divided by 3?
1
Suppose 130 = 4*z + 4*q + 50, -2*z + 4*q = -34. Let p = 51 - z. What is the remainder when p is divided by 11?
10
Suppose 0 = -2*i + 1 + 27. Suppose 2*y - 3*y + i = 0. Suppose 2*m = 1 + 7. Calculate the remainder when y is divided by m.
2
Let g(p) = p**3 + 4*p**2 + 2*p + 1. Let t = -25 + 22. Let w = -12 - -25. Calculate the remainder when w is divided by g(t).
1
Suppose 2*g + 2*i + 40 = -2*g, 5*i + 20 = 0. Suppose 5*f - s - s = 95, 3*f - 57 = s. Calculate the remainder when f is divided by (-2)/g - (-54)/8.
5
Suppose l - 114 = -2*l. Suppose 0 = -2*u + 4. What is the remainder when l is divided by u*-2*26/(-8)?
12
Let w = -43 - -65. What is the remainder when 64 is divided by w?
20
Suppose 4*u + 64 = a, 3*a - 5*a + 32 = -2*u. Let h = 29 + u. What is the remainder when 36 is divided by h?
10
Let y be ((-3)/2)/((-3)/6). Suppose 4*p = -7 + 3, 0 = 5*f - y*p + 167. Calculate the remainder when 3/6*f/(-1) is divided by 6.
5
Suppose a + 2*a = -33. Let k = 15 + a. What is the remainder when 7 is divided by k?
3
Let z = -1 + 4. Suppose 24 + 27 = z*w. What is the remainder when w is divided by 5?
2
Let k be 11/(-3) + 2/(-6). Let m = -2 + k. Calculate the remainder when ((-2)/m)/((-2)/(-102)) is divided by 9.
8
Suppose s = 5*s - 204. What is the remainder when s is divided by 26?
25
Let c be 1 + (2 - (1 + -1)). What is the remainder when 61 is divided by -2 + c - 1*-15?
13
Let a be 3*(0 + 19 + 2). Let r = a - 40. Calculate the remainder when r is divided by 4/(-2) + 2 + 12.
11
Suppose 12*m - 14*m = -148. Calculate the remainder when m is divided by 15.
14
Let l = -26 + 32. Calculate the remainder when 11 is divided by l.
5
Suppose 3*x = 6 - 0. Suppose 0 = x*p + p - 63. What is the remainder when p is divided by 12?
9
Let s(p) = -6*p**3 + 2*p**2 + p + 2. Suppose y = -4*n + 31, -4*y + 4*n + 0*n = -64. Calculate the remainder when s(-2) is divided by y.
18
Let u(d) = 2*d**2 - 8*d - 3. Let c be u(6). Let q = -61 + c. Let j = -29 - q. What is the remainder when j is divided by 7?
4
Suppose 0 = y - 3*z - 4, -2*z = -2*y - 7*z - 3. Suppose -4*t + 8 = 24, 3*g + 5*t + 5 = 0. Let s = -4 + g. Calculate the remainder when y is divided by s.
0
Let z = 21 + 16. Let x(a) = 19*a**3. Calculate the remainder when z is divided by x(1).
18
Let h(x) = x**2 - 3*x. Let u be h(4). What is the remainder when 5 is divided by (u/6)/(2/9)?
2
Suppose 0 = k + 1 - 2. Let v be (k + (3 - 0))/(-2). Calculate the remainder when 12 is divided by 1/(((-2)/7)/v).
5
Let p(o) = -o**3 + 2*o**2 - 1. Let n be p(-1). Suppose -7*w + n*w = -80. Let l(q) = -q**2 - 9*q + 1. Calculate the remainder when w is divided by l(-8).
7
Let h = 40 + -13. Calculate the remainder when 52 is divided by h.
25
Let c = 78 + -35. Let m = 67 - c. What is the remainder when m is divided by 13?
11
Suppose 4*f - 6 = f. Suppose 3*h = -n + 65, 0 = -3*h + 7*h - f*n - 80. What is the remainder when 82 is divided by h?
19
Let l(w) = w - 1. Let q(n) = -n - 2. Let o be q(-6). What is the remainder when 8 is divided by l(o)?
2
Let d be (-20)/(-12)*(1 - -2). Suppose 5 = -f - d*p, 0 = 3*f + 3*p - 4*p - 33. What is the remainder when 26 is divided by f?
6
Let z = -1 + 3. Let n be (-1)/(-2) - 9/z. What is the remainder when 16 is divided by (-17)/(-2) + (-2)/n?
7
Let k(s) = 29*s**2 - 2*s - 1. Let n be k(-1). Let p = -16 + n. Calculate the remainder when p is divided by 4.
2
Let c(g) = -g + 22. Let b be c(0). Suppose b = -w - w. Let f = w - -20. What is the remainder when f is divided by 5?
4
Let i = -15 - -56. Suppose -5*h = -0*h - 70. Calculate the remainder when i is divided by h.
13
Let n(l) = -4*l**2 + 3*l**3 - 1 - 5*l**2 - l**3 + l. Let o be n(6). Suppose 3*i = 2*t - 0*t + o, 215 = 5*i + 2*t. What is the remainder when i is divided by 21?
20
Suppose -10*l + 7 = -9*l. Suppose -s + 90 = 5*i - 3*s, -3*i - s + 65 = 0. Calculate the remainder when i is divid